 divisor of g and 91.
13
Let f(n) = -2*n - 12. Let h be f(-7). Let o be (6/(-9))/(h/3). Let y be (o - -50)*(-20)/(-4). What is the greatest common factor of y and 35?
35
Suppose 5*l - 1335 = 3*k, 5*l - 2*k - 800 = 2*l. Calculate the greatest common divisor of 10 and l.
10
Let b be ((-18)/15)/(1/(-5)*2). Suppose 3*u - 18 = 3*x, 0 = -14*u + 10*u - b*x + 38. Calculate the greatest common divisor of 10 and u.
2
Let o(r) = -73*r - 1. Let j be o(1). Suppose -d = -5*i + 4*d - 50, -6 = -3*d. Let k = i - j. What is the greatest common divisor of 6 and k?
6
Let y = 167 - 155. Let v be 10 + ((-2)/y - (-1)/6). Calculate the greatest common factor of 40 and v.
10
Let l be (7 + -2)*(-4)/(-10). Let m = -5931 + 5937. What is the highest common factor of l and m?
2
Let v(r) = -r**2 + 8*r + 9. Let z be v(7). Suppose -15*m + 232 + 128 = 0. Calculate the greatest common divisor of z and m.
8
Let v(u) = u**2 - 32*u - 22. Let r be v(33). Let h be 2 - (-29 - (1 - -1)). Calculate the highest common factor of h and r.
11
Let w be ((-28)/6)/((-4)/(-42)). Let b = w + 81. Suppose 0 = 66*z - 71*z + 160. Calculate the highest common divisor of z and b.
32
Suppose 154 = 4*x + 7*x. Suppose -x*a + 24 = -13*a. What is the greatest common divisor of 6 and a?
6
Let c = 61 + -33. Suppose 0 = s + 5*w - c, s - w = 5*s - 36. What is the highest common divisor of 56 and s?
8
Let r = -16 + 27. Let w be 0*3/(-9) + -64. Let f = 75 + w. What is the greatest common factor of f and r?
11
Let d = -8 - -13. Suppose 5*j + l = 3, -15 = 2*j - j - d*l. Let h be 76/4 + 1 + j. What is the greatest common factor of 4 and h?
4
Suppose -4*v = -12, f + 32 = 3*v + 138. Calculate the greatest common divisor of 40 and f.
5
Let b(p) = -p**2 - 5*p + 2. Let h be b(-7). Let i be 2*(h/(-8) + 1). Calculate the greatest common factor of 2 and i.
1
Let y(j) = 18*j**2 - 4*j + 3. Let t be 0 + -3*4/(-6). Let i be y(t). Suppose -i - 285 = -4*m. What is the highest common divisor of 22 and m?
22
Let l(f) = f - 14. Let o be l(26). Let n = 8 - -16. What is the greatest common factor of o and n?
12
Let k(p) = -16*p - 149. Let m be k(-11). Calculate the highest common divisor of m and 27.
27
Let w = 39 + -69. Let f = w - -32. What is the highest common divisor of f and 4?
2
Suppose -192 + 17 = -5*u. Let f be (-3)/(3*(-3)/1050). What is the greatest common factor of u and f?
35
Suppose 5*m = a + 12, -5*m + 3 + 0 = -4*a. Let w(o) = -5*o + 9 + 3 + a*o. Let v be w(5). Calculate the greatest common divisor of v and 16.
2
Let r be (9 - 18) + 1 + -2. Let y(q) = q**3 + 11*q**2 + 5*q - 12. Let o be y(r). Let m = o + -20. What is the highest common factor of 198 and m?
18
Let o(x) = -x**3 + 12*x**2 + 14*x - 7. Let k be o(13). Suppose -k*z + 2*z + 84 = 4*a, -106 = -5*a - 4*z. What is the greatest common divisor of a and 55?
11
Let r(q) = q**3 + 6*q**2 - 3*q + 40. Let y be r(-7). Calculate the greatest common factor of y and 64.
4
Suppose 3*l = k + 6 + 3, 3*l = -2*k + 27. Suppose 3*u = -k + 24. Let q(j) = -j**3 + j - 6. Let a be q(-3). What is the greatest common divisor of u and a?
6
Let a = -3 - -12. Let d be -6*a/(-2) + 1. Let f = -955 + 962. What is the greatest common divisor of d and f?
7
Let a(x) = 2*x**2 - 2. Let j be a(-2). Let u be ((-8)/(-5))/(1/(-35)). Let c be (-2)/(-7) + (-2336)/u. Calculate the highest common divisor of j and c.
6
Let m(h) = -h**3 - 3*h**2 + 8*h - 5. Suppose 3 = -3*c + 9. Let o = -4 - c. Let k be m(o). What is the highest common factor of 11 and k?
11
Suppose -4*x = -2*x + 4. Let n be -4 - (4 + x) - -2. Let g be n/(-6) - 104/(-6). What is the greatest common divisor of 54 and g?
18
Let i(r) = -4*r - 7. Let d be i(-3). Suppose 3*v - 11 = -2*m, v + 13 = -d*m + m. Calculate the highest common factor of v and 2.
1
Let t be ((-14)/6 + 3)/((-2)/(-6)). Suppose -31 = -t*p - 7. What is the highest common divisor of p and 8?
4
Let l = 1594 + -1592. Suppose -3*q - 30 = 2*q. Let z = q - -20. What is the highest common divisor of z and l?
2
Let w(c) = -c**2 - 4*c + 7. Let s be w(-6). Let y be 3*(-130)/(-15)*(-1)/(-2). Let a = y + s. What is the highest common factor of a and 32?
8
Suppose -3*s + 192 = s. Let m(p) = p + 1. Let k(d) = 2*d - 36. Let i(o) = -k(o) - 12*m(o). Let b be i(0). Calculate the highest common divisor of b and s.
24
Let j(r) = -2*r**3 + 2*r**2 + r. Let k be j(-2). Let m be -9*1 + 520/26. Calculate the highest common factor of k and m.
11
Let n = -108 - -173. Calculate the highest common factor of n and 10.
5
Let j(f) = 20*f - 3. Let u be j(-3). Let w be (2 - (2 + u)) + 3. Suppose 2*v = 3*h, 0 = -2*h + 3*h - 4. Calculate the highest common factor of v and w.
6
Let h(p) = 2*p**2 + 12*p + 44. Let b be h(-4). What is the highest common factor of b and 112?
28
Let b(a) = a**3 - 7*a**2 + 14*a - 11. Let i be (-2)/(-5) + (-207)/(-45). Let c be b(i). What is the greatest common divisor of 99 and c?
9
Suppose 5*r - 161 - 214 = 0. Calculate the greatest common divisor of 125 and r.
25
Suppose -c + 220 = -3*c. Let t = c + 73. Let o be (t - (1 + -3))/(-1). Calculate the greatest common factor of o and 14.
7
Let g = 2836 - 1946. Calculate the highest common factor of g and 10.
10
Suppose 6*c - 8*c - 12 = 0. Let h = 9 + c. Calculate the highest common divisor of h and 24.
3
Let j be 6*-5*((-42)/10 + 4). Suppose 120 = -j*y + 408. Calculate the greatest common divisor of 32 and y.
16
Suppose 115 - 11 = -4*m. Let j = m + 35. Let n(u) = -u**3 + 9*u**2 + 3. Let o be n(j). What is the highest common factor of 21 and o?
3
Let n = -405 + 408. Calculate the greatest common divisor of 324 and n.
3
Let v(a) = a**2 - 2*a + 6. Let j be v(6). Let x(z) = -71*z - 1126. Let c be x(-16). What is the greatest common factor of j and c?
10
Let a be ((0 + (-5)/(-20))*-4)/(-1). Suppose -2*s + 12 + 2 = 0. Let u = 0 + s. Calculate the highest common divisor of u and a.
1
Let c = -31 - -53. Let d(o) = -o**3 - 20*o**2 + 38*o - 22. Let n be d(-22). Calculate the highest common factor of n and c.
22
Suppose -5*p - 3*s + 1609 = 0, -3*s - 2403 + 782 = -5*p. Let r = p + -98. Suppose f + 4*f = r. Calculate the greatest common divisor of 5 and f.
5
Let k be (-3)/(-9)*(0 - -3). Suppose 5*m + 5*r - 180 = 0, -3*r = -k - 8. What is the highest common divisor of m and 3?
3
Suppose 0*b - 150 = -3*b. Suppose 0 = -0*r + 5*r - b. Let t be 3 + (4 - (-4 + 4)) + 33. Calculate the greatest common divisor of t and r.
10
Suppose -20*j - 311 = -1131. What is the greatest common factor of 369 and j?
41
Let o(q) = 3*q**2 - 10*q + 6. Let w be o(6). Let t(m) = -112*m - 206. Let f be t(-2). Calculate the greatest common factor of w and f.
18
Suppose -198 = -26*x + 10. What is the greatest common divisor of 296 and x?
8
Let t(a) = a**3 + 21*a**2 - 31*a - 19. Let g be t(-16). What is the highest common divisor of 7 and g?
7
Suppose -5*r + 4*y = -0*y - 89, 5*y = 4*r - 64. Let p = r - 10. Let o(b) = 2*b**3 - 6*b**2 + 3*b. Let x be o(4). What is the greatest common factor of p and x?
11
Let r = -7 - -10. Suppose -2*q - 105 = -r*q. Let a = 33 + -12. What is the greatest common factor of a and q?
21
Let j(z) = -4*z. Let u(o) = -o. Let m(b) = -4*j(b) - 4*u(b). Let w be m(11). What is the greatest common divisor of w and 44?
44
Let f(b) = -b**3 + 10*b**2 - 23*b + 6. Let l be f(6). Let d be (-3)/(-3) - (-190)/2. Calculate the greatest common factor of d and l.
12
Suppose -5*z = s - 0*z - 91, z = -4*s + 326. Calculate the highest common factor of 54 and s.
27
Suppose 3*q - 2*b + 185 = 0, -q + 0 = 4*b + 43. Let r = q + 67. What is the highest common factor of 64 and r?
8
Suppose 33*q = 582 + 210. Calculate the highest common divisor of q and 264.
24
Suppose 1980 = 14*g - 1660. Calculate the greatest common divisor of 156 and g.
52
Let z be (-895)/(-10) - -1*(-1)/(-2). What is the greatest common divisor of z and 315?
45
Let g(o) = -14*o - 1481. Let q be g(-106). Suppose -5*v + 40 = 5*r, -6*v - 5*r = -4*v - 13. Calculate the greatest common divisor of q and v.
3
Let y(w) = 7*w**2 - 4*w - 3. Let h be y(11). Suppose 3*p = -p + h. Suppose -11*u - p = -16*u. What is the highest common factor of u and 20?
20
Suppose -747 = -3*i - 447. What is the greatest common divisor of i and 28?
4
Suppose -15*t + 11440 = 3475. Calculate the greatest common divisor of t and 59.
59
Let o be